d(175).
-6
Let n(v) = -v**2 - 2029*v + 5. Calculate n(0).
5
Let f(m) = 5287*m + 956916. Determine f(-181).
-31
Let l(z) = 17*z**3 - 1617*z**2 + 231*z - 4411. What is l(95)?
-516
Let i(v) = 532*v + 22275. Calculate i(-42).
-69
Let s(g) = -333*g + 785. Determine s(-2).
1451
Let g(k) = -k**3 + 50*k**2 + 8477*k + 92806. Give g(-12).
10
Let u(h) = 249*h**2 - 4986*h - 313. Give u(20).
-433
Let l(k) = -8*k**3 - 21*k**2 - 366*k - 2162. Calculate l(-6).
1006
Let j(n) = 3*n**2 - 325*n + 6479. What is j(82)?
1
Let f(r) = -r**2 - 2723*r + 169791. What is f(61)?
-33
Let w(k) = -2*k + 119. Calculate w(10).
99
Let z(k) = -k**2 - 143*k - 3136. Calculate z(0).
-3136
Let l(u) = -257*u - 121. Determine l(-1).
136
Let q(o) = 6*o**2 - 5201*o - 31233. Calculate q(-6).
189
Let a(l) = 5*l**2 - 10603*l - 10601. Calculate a(-1).
7
Let o(a) = a**3 + 21*a**2 - 160*a + 50. Determine o(-27).
-4
Let d(p) = 478*p - 8377. Calculate d(18).
227
Let u(b) = 5*b**2 - 1405*b - 14584. Calculate u(291).
-34
Let y(z) = -574631*z + 4022414. Give y(7).
-3
Let p(v) = 3*v**2 - 202*v - 717. What is p(72)?
291
Let o(g) = -5*g**3 + 1506*g**2 - 17612*g - 4904. What is o(289)?
9
Let m(p) = p**3 - 438*p**2 + 124*p + 136770. What is m(437)?
-11
Let l(b) = 527*b**3 + 17919*b**2 + 14*b - 680. Determine l(-34).
0
Let h(a) = 96*a**2 - 1375*a + 2659. Determine h(12).
-17
Let k(g) = -503241*g - 3522689. Give k(-7).
-2
Let s(x) = -13*x**2 - 1531*x + 3020. What is s(2)?
-94
Let v(p) = p**3 - 103*p**2 + 2030*p + 400. Determine v(27).
-194
Let q(f) = 580*f - 3611. Give q(6).
-131
Let j(k) = -k**3 + 582*k**2 - 43504*k + 15815. What is j(494)?
7
Let f(o) = -o**3 + 63*o**2 - 999*o + 1476. What is f(24)?
-36
Let z(b) = 14*b**2 - 1086*b + 216. What is z(77)?
-400
Let v(t) = -t**2 - 212*t + 94361. Calculate v(-431).
-28
Let v(w) = 2*w**2 - 18*w + 16. Give v(5).
-24
Let y(z) = 12254*z + 174. Calculate y(0).
174
Let i(m) = 888*m + 91486. What is i(-105)?
-1754
Let c(j) = 3*j**3 - 36*j**2 - 154*j + 24. Determine c(-5).
-481
Let f(r) = -2*r**2 + 4220*r + 63616. What is f(-15)?
-134
Let j(k) = 3257705*k - 6515425. Determine j(2).
-15
Let q(w) = -16*w**3 - 2638*w**2 + 228*w - 16835. Give q(-165).
-5
Let l(i) = 11*i**3 - 67*i**2 - 5*i + 4. Give l(6).
-62
Let n(q) = 4*q**3 - 135*q**2 - 74*q + 348. Give n(34).
-1012
Let v(s) = 20*s**3 + s**2 - 1759*s - 1760. Give v(-1).
-20
Let m(k) = 166*k - 4472. Determine m(30).
508
Let s(h) = 14*h**3 - 2452*h**2 + 332*h + 264. What is s(175)?
-2886
Let x(t) = 22*t**2 - 28*t + 87. Give x(4).
327
Let s(f) = -f**3 + 148*f**2 + 1409*f - 53. Calculate s(-9).
-17
Let a(w) = -29*w**2 + 2028*w + 160. Determine a(70).
20
Let d(t) = t**3 + 30*t**2 + 549*t + 9695. Calculate d(-24).
-25
Let b(w) = 2*w**3 - 603*w**2 + 942*w - 12461. Calculate b(300).
139
Let t(o) = -o**3 - 35*o**2 + 322*o + 14170. Give t(-30).
10
Let v(i) = -i**2 + 785*i - 7665. What is v(10)?
85
Let u(z) = -2*z**2 - 1942*z - 76240. Give u(-41).
20
Let l(a) = 2788*a**3 - 17*a**2 - 17*a - 5. What is l(-1)?
-2793
Let f(m) = m**3 + 104*m**2 - 24*m - 2494. Calculate f(-104).
2
Let p(z) = -6912*z - 131332. Calculate p(-19).
-4
Let t(w) = -2*w**3 - 689*w**2 + 4957*w + 1118029. What is t(-347)?
-5
Let s(n) = 3*n**2 + 10*n + 154. Give s(19).
1427
Let y(w) = -440*w**2 - 2343*w - 145. Give y(-5).
570
Let o(m) = 6*m**3 - 297*m**2 + 148*m - 106. Determine o(49).
-57
Let u(s) = 430*s**2 - 1143*s - 2282. Give u(-2).
1724
Let f(m) = m**2 + 1462*m + 30346. Give f(-21).
85
Let v(t) = 10*t**2 + 3197*t - 859. Calculate v(-320).
101
Let c(h) = -750*h - 27363. What is c(-35)?
-1113
Let i(n) = -15*n**3 - 423*n**2 + 245*n + 9240. Give i(-28).
28
Let f(u) = -3*u**3 + 420*u**2 + 479*u - 7888. Determine f(141).
8
Let d(r) = -9*r**2 + 103*r + 176. What is d(0)?
176
Let i(o) = -2333*o + 88664. Give i(38).
10
Let u(v) = 4*v**2 + 8365*v + 116666. Give u(-14).
340
Let p(s) = 2*s**2 - 69*s - 1085. Calculate p(-12).
31
Let h(z) = -2*z**3 + 25*z**2 - 19*z - 38. Calculate h(9).
358
Let i(f) = 35*f - 202. Give i(-1).
-237
Let l(r) = r**3 + 25*r**2 - 146*r - 899. Calculate l(-27).
1585
Let i(j) = -14776*j + 1211634. Determine i(82).
2
Let y(p) = -141*p**3 + 4*p**2 + 854*p - 855. Determine y(1).
-138
Let r(z) = -7476*z + 67280. Calculate r(9).
-4
Let w(j) = -36*j**2 + 1160*j + 1109. Calculate w(33).
185
Let b(t) = 98833*t + 1087376. Calculate b(-11).
213
Let f(k) = -k**2 - 4938*k - 24682. What is f(-5)?
-17
Let i(c) = 296*c + 36319. Determine i(-123).
-89
Let j(c) = 171*c + 1691. Determine j(0).
1691
Let v(z) = 817103*z + 5719712. Calculate v(-7).
-9
Let a(t) = -820*t + 2695. Determine a(3).
235
Let m(b) = -337*b**3 - 21*b**2 + 46*b - 6. Give m(2).
-2694
Let p(i) = 40*i**3 + 4*i**2 + 54*i + 78. What is p(-2)?
-334
Let m(q) = -1638*q**2 - 167082*q - 615. What is m(-102)?
-3
Let c(f) = f**3 - 17*f**2 + 69*f - 434. Calculate c(18).
1132
Let u(b) = -21*b**3 + 5941*b**2 + 6527*b + 1420. Give u(284).
0
Let f(c) = -22*c**2 + 86*c + 467. Determine f(0).
467
Let s(l) = 4*l**3 - 357*l**2 + 432*l + 706. Determine s(88).
2
Let f(j) = -2*j**3 + 10*j**2 - 18*j - 36. Calculate f(3).
-54
Let r(p) = 1842*p**2 + 105039*p + 2577. Determine r(-57).
12
Let n(w) = 464*w + 34741. Give n(-75).
-59
Let u(g) = g**3 + 22*g**2 - 19*g - 137. Give u(-19).
1307
Let q(v) = -22*v**2 + 4147*v - 6136. What is q(187)?
35
Let p(x) = 2193*x - 3974. Give p(2).
412
Let f(x) = -x**3 - 93*x**2 - 561*x + 3494. What is f(-86)?
-32
Let j(c) = 2*c**3 - 39*c**2 + 258*c - 4498. Determine j(19).
43
Let z(l) = -19*l**2 - 110*l + 475. What is z(4)?
-269
Let l(z) = -z**3 - 17*z**2 + 597*z + 645. Determine l(-34).
-1
Let s(c) = 2*c**2 + 74518*c + 17106924. Calculate s(-231).
-12
Let g(h) = -64479*h + 34. Give g(0).
34
Let g(z) = 562*z**2 - 183214*z + 646. What is g(326)?
-6
Let g(r) = -2676*r + 7919. Determine g(3).
-109
Let l(f) = -f**3 + 192*f**2 + 59*f - 11270. Give l(192).
58
Let y(a) = -67*a**3 - 25*a**2 - 15*a + 14. Give y(-3).
1643
Let k(q) = 11*q**2 - 5039*q + 114595. Determine k(24).
-5
Let s(y) = 1449*y**3 - 24634*y**2 + 15*y + 23. Give s(17).
-11
Let f(o) = -3*o**3 + 484*o**2 + 7940*o + 75. What is f(-15)?
0
Let f(x) = -6748*x + 47591. Determine f(7).
355
Let x(u) = -73*u**2 - 55*u + 49. Determine x(6).
-2909
Let k(a) = 4*a**2 + 12*a - 12629. Give k(-57).
-317
Let u(m) = 4*m**2 + 1065*m - 15186. Determine u(14).
508
Let j(t) = 376*t + 41682. Give j(-111).
-54
Let w(d) = -3*d**2 - 138*d - 1582. Calculate w(-21).
-7
Let b(h) = 8*h**2 - 2193*h - 1709. Give b(275).
216
Let f(w) = 8*w**3 - 36*w**2 - 379*w + 1824. Determine f(5).
29
Let p(f) = -3*f**3 + 20*f**2 + 14*f + 29. Calculate p(9).
-412
Let i(r) = -586*r - 114830. What is i(-196)?
26
Let o(k) = 519333*k - 25447311. Calculate o(49).
6
Let z(f) = -29513*f - 5755046. Determine z(-195).
-11
Let i(k) = 185897*k + 929474. Calculate i(-5).
-11
Let v(n) = n**3 + 159*n**2 + 795*n + 3951. Determine v(-154).
101
Let s(j) = -66*j - 961. Determine s(-23).
557
Let q(l) = l**3 - 30*l**2 - 197*l + 6599. What is q(29)?
45
Let x(h) = -11*h**2 - 5995*h - 47253. Give x(-537).
3
Let x(o) = -165*o**2 - 19963*o + 228. What is x(-121)?
-14
Let t(x) = 3*x**3 - 85*x**2 + 25*x. Give t(28).
-84
Let b(d) = d**2 + 360*d - 73853. Give b(146).
23
Let d(i) = -7*i**3 - 370*i**2 - 664*i - 83. Determine d(-51).
-32
Let v(l) = 2*l**2 - 11748*l - 3510622. Determine v(-285).
8
Let k(o) = -272*o - 26605. Determine k(-98).
51
Let q(k) = -k**3 + 12*k**2 + 254*k + 130. What is q(-13)?
1053
Let t(b) = -73*b**2 + 10953*b - 412. Calculate t(150).
38
Let v(u) = 27*u**2 - 2545*u - 1721. Determine v(95).
179
Let w(a) = 16*a**2 - 1243*a - 9993. Calculate w(85).
-48
Let l(x) = x**3 - 849*x**2 + 9220*x - 1672. Calculate l(838).
4
Let z(h) = -338172*h + 1352684. Calculate z(4).
-4
Let f(p) = -13766*p + 6442421. Give f(468).
-67
Let p(m) = 42428*m - 1103277. Calculate p(26).
-149
Let q(x) = x**3 - 23*x**2 - 127*x + 483. What is q(27)?
-30
Let k(r) = -138*r + 331. Give k(12).
-1325
Let j(t) = 68*t**2 + 1640*t - 177. Calculate j(-25).
1323
Let b(c) = -50364*c + 2316742. Calculate b(46).
-2
Let g(w) = 5*w - 875. Calculate g(32).
-715
Let f(u) = 436*u + 229772. Calculate f(-527).
0
Let y(w) = 5461*w - 699182. Calculate y(128).
-174
Let n(r) = 218034*r + 1308201. Calculate n(-6).
-3
Let z(a) = -24*a**3 - 608